.
2, 5, 1063, 1607
What are the prime factors of 19641873?
3, 6547291
What are the prime factors of 252619453?
43, 5874871
List the prime factors of 10493723.
89, 157, 751
What are the prime factors of 126798038?
2, 37, 677, 2531
List the prime factors of 83722411.
1481, 56531
What are the prime factors of 330326579?
11, 677, 44357
List the prime factors of 1394943949.
7, 3881, 51347
What are the prime factors of 1993933035?
3, 5, 5851, 7573
List the prime factors of 268259440.
2, 5, 3353243
List the prime factors of 56214815.
5, 11242963
What are the prime factors of 19879981?
11, 23, 78577
What are the prime factors of 23450228?
2, 73, 80309
What are the prime factors of 99601946?
2, 17, 31, 53, 1783
What are the prime factors of 513751660?
2, 5, 37, 694259
What are the prime factors of 566756236?
2, 141689059
What are the prime factors of 101611523?
13, 7816271
What are the prime factors of 2607166907?
163, 1123, 14243
What are the prime factors of 38822160?
2, 3, 5, 13, 23, 541
What are the prime factors of 402463787?
11, 61, 4957
What are the prime factors of 582813448?
2, 7, 17, 19, 4603
What are the prime factors of 30947495?
5, 29, 53, 4027
What are the prime factors of 36972310?
2, 5, 73, 50647
What are the prime factors of 404349218?
2, 7, 13, 2221699
What are the prime factors of 3285769438?
2, 7, 41, 421, 13597
List the prime factors of 84404297.
29, 61, 47713
List the prime factors of 492130826.
2, 11, 22369583
List the prime factors of 124423280.
2, 5, 1555291
What are the prime factors of 102155103?
3, 311, 36497
List the prime factors of 69775716.
2, 3, 5814643
List the prime factors of 819011066.
2, 547, 748639
List the prime factors of 677100952.
2, 11, 7694329
What are the prime factors of 3993280?
2, 5, 12479
List the prime factors of 396040322.
2, 198020161
List the prime factors of 324878395.
5, 64975679
List the prime factors of 130520232.
2, 3, 191, 9491
What are the prime factors of 201132426?
2, 3, 11, 103, 29587
What are the prime factors of 1112831245?
5, 131, 193, 8803
List the prime factors of 2028477662.
2, 67, 15137893
List the prime factors of 623474407.
293, 733, 2903
List the prime factors of 13570142.
2, 19, 357109
What are the prime factors of 2295974?
2, 1147987
What are the prime factors of 30419212?
2, 41, 185483
What are the prime factors of 23110617?
3, 7703539
List the prime factors of 412014786.
2, 3, 157, 277, 1579
List the prime factors of 994885708.
2, 248721427
List the prime factors of 196208900.
2, 5, 17, 211, 547
What are the prime factors of 2679076481?
197, 13599373
List the prime factors of 4300543043.
59417, 72379
List the prime factors of 3069793144.
2, 11, 29, 97, 12401
List the prime factors of 1931530871.
17, 73, 1556431
What are the prime factors of 93801079?
349, 268771
List the prime factors of 47658744.
2, 3, 7, 94561
List the prime factors of 30696739.
30696739
List the prime factors of 584746793.
19, 61, 504527
What are the prime factors of 509439727?
509439727
List the prime factors of 2749413564.
2, 3, 25457533
List the prime factors of 30720263.
7, 4388609
What are the prime factors of 232560719?
232560719
List the prime factors of 1835266330.
2, 5, 89, 641, 3217
List the prime factors of 609274243.
609274243
List the prime factors of 120404794.
2, 60202397
List the prime factors of 102959734.
2, 947, 54361
List the prime factors of 1074308084.
2, 268577021
List the prime factors of 3069164202.
2, 3, 13, 19, 47, 139, 317
List the prime factors of 257026205.
5, 19, 2705539
What are the prime factors of 127504417?
43, 67, 44257
List the prime factors of 2661119772.
2, 3, 37, 83, 72211
What are the prime factors of 2412370900?
2, 5, 2179, 11071
List the prime factors of 74575007.
13, 193, 29723
What are the prime factors of 8917547?
223, 39989
List the prime factors of 797864731.
797864731
What are the prime factors of 176459119?
109, 1618891
What are the prime factors of 737863002?
2, 3, 17, 79, 131, 233
What are the prime factors of 4173903318?
2, 3, 13, 19, 2816399
List the prime factors of 749523630.
2, 3, 5, 857, 29153
What are the prime factors of 2083367570?
2, 5, 208336757
What are the prime factors of 110143354?
2, 179, 359, 857
List the prime factors of 493568517.
3, 13, 101, 125303
What are the prime factors of 82517041?
1583, 52127
What are the prime factors of 10773197?
647, 16651
What are the prime factors of 190620804?
2, 3, 11, 463, 3119
What are the prime factors of 2604924258?
2, 3, 41, 131, 80833
List the prime factors of 428653756.
2, 19, 29, 43, 4523
List the prime factors of 121613733.
3, 17, 29, 27409
What are the prime factors of 27081341?
7, 3868763
List the prime factors of 250863690.
2, 3, 5, 7, 11, 131, 829
What are the prime factors of 5733857628?
2, 3, 4259, 37397
What are the prime factors of 1857029918?
2, 17, 73, 748199
What are the prime factors of 4413177739?
23, 362717
List the prime factors of 4827255.
3, 5, 321817
List the prime factors of 286724491.
173, 379, 4373
What are the prime factors of 104674814?
2, 17, 43, 71597
List the prime factors of 125501614.
2, 7, 59, 151939
List the prime factors of 790508047.
7, 112929721
List the prime factors of 558655527.
3, 43, 4330663
List the prime factors of 2756252576.
2, 7, 11, 131, 8539
What are the prime factors of 447884524?
2, 199, 562669
What are the prime factors of 13980810?
2, 3, 5, 466027
What are the prime factors of 20219521?
7, 593, 4871
What are the prime factors of 333748065?
3, 5, 7, 454079
List the prime factors of 221757673.
17, 13044569
What are the prime factors of 141259747?
37, 59, 64709
List the prime factors of 4383232522.
2, 2191616261
List the prime factors of 792230065.
5, 11, 43, 457, 733
What are the prime factors of 4806975525?
3, 5, 11, 47, 151, 821
List the prime factors of 1519302822.
2, 3, 109, 353, 6581
What are the prime factors of 106088214?
2, 3, 617, 28657
List the prime factors of 18961159.
7, 2708737
What are the prime factors of 24927444?
2, 3, 43, 16103
List the prime factors of 13939075.
5, 71, 7853
What are the prime factors of 44748104?
2, 5593513
What are the prime factors of 850972240?
2, 5, 53, 419, 479
List the prime factors of 1779839998.
2, 889919999
What are the prime factors of 815857142?
2, 407928571
What are the prime factors of 94657659?
3, 31552553
List the prime factors of 221655703.
221655703
List the prime factors of 20137249.
11, 1830659
List the prime factors of 825983968.
2, 3191, 8089
What are the prime factors of 69735772?
2, 89, 195887
What are the prime factors of 2955048726?
2, 3, 7, 6971, 10093
What are the prime factors of 164965029?
3, 181, 303803
List the prime factors of 35870485.
5, 7, 1024871
List the prime factors of 70351658.
2, 13, 208141
List the prime factors of 95034891.
3, 7, 449, 10079
List the prime factors of 18208089.
3, 2023121
What are the prime factors of 748505911?
748505911
List the prime factors of 452709257.
7, 11, 13, 19, 1831
What are the prime factors of 169727760?
2, 3, 5, 19, 653
What are the prime factors of 94236384?
2, 3, 11, 233, 383
List the prime factors of 420314724.
2, 3, 3891803
List the prime factors of 1552040249.
3089, 502441
List the prime factors of 2184658724.
2, 1889, 289129
What are the prime factors of 20734781?
17, 107, 11399
List the prime factors of 338012933.
31, 281, 38803
List the prime factors of 1958192996.
2, 31, 43, 257, 1429
List the prime factors of 318072906.
2, 3, 72719
List the prime factors of 45568748.
2, 1747, 6521
List the prime factors of 789949017.
3, 11, 13, 127, 179
List the prime factors of 6400312660.
2, 5, 7, 17, 491, 5477
List the prime factors of 171042394.
2, 157, 544721
What are the prime factors of 2272985677?
281, 347, 23311
List the prime factors of 175858340.
2, 5, 7, 521, 2411
What are the prime factors of 255176767?
255176767
What are the prime factors of 6155774030?
2, 5, 7, 29, 41, 73961
List the prime factors of 675569169.
3, 11, 6823931
What are the prime factors of 46041206?
2, 53, 103, 4217
List the prime factors of 152731719.
3, 7, 29, 83597
List the prime factors of 29282230.
2, 5, 19, 229, 673
List the prime factors of 1802590851.
3, 19597, 30661
List the prime factors of 160393917.
3, 757, 70627
What are the prime factors of 83375757?